atest common factor of w and 3?
3
Let c(k) = -k**2 + 27*k + 304. Let t be c(35). Let x = 117 + -81. What is the greatest common factor of x and t?
12
Let a(l) = -2*l - 10. Let o = 30 + -40. Let w be a(o). What is the highest common divisor of 40 and w?
10
Let y = 2206 - 1199. Calculate the greatest common divisor of 159 and y.
53
Suppose -200 = -3*c - c. Let u be (-13)/((-65)/60) + -2. What is the highest common divisor of c and u?
10
Let n(d) = d**2 + 8*d - 11. Let i be n(-9). Let q be (4 + (i - 1))*22. Calculate the highest common divisor of 2 and q.
2
Let k(f) = 2*f**3 + 7*f**2 - f - 10. Let p be k(-3). Let c be (-9)/7 - (-2)/7. Let r be (c + 7/2)*2. Calculate the greatest common divisor of p and r.
1
Let q(b) = b**3 - b**2 - b - 4. Let s be q(3). Let v be (-2)/3 + (-40)/3. Let m be (-4)/v - 1824/(-84). Calculate the highest common divisor of m and s.
11
Let y = 1 + 0. Let m = 33 - 33. Suppose s - 14 + 13 = m. Calculate the greatest common divisor of s and y.
1
Suppose 1 = -15*c + 16*c. Calculate the greatest common factor of c and 3.
1
Suppose -611 = 5*i - 111. Let s be (2/(-4))/(5/i). Let y = s - 2. What is the highest common factor of y and 8?
8
Suppose -g + 64 = 5*o, -4*g = -2*o + 64 - 34. What is the highest common divisor of o and 2483?
13
Suppose -2*y - 40 = -2*k, -7*k - 15*y + 13*y = -176. Let a(o) = -9*o + 6. Let v be a(-6). Calculate the highest common divisor of k and v.
12
Let k = 1066 - 932. Calculate the greatest common divisor of 469 and k.
67
Let u be (-2 - (-3 - 10))*(0 - -6). Let g be (-5 - -71)*3/2. Calculate the greatest common factor of g and u.
33
Suppose -x = 16 - 24. Suppose -x*m = 8 - 72. Calculate the greatest common factor of 24 and m.
8
Let z be -2*(-1 - (-26)/(-4)). Suppose -189*d = -174*d - 75. What is the greatest common factor of d and z?
5
Suppose 62*j + 36 = 65*j. What is the highest common divisor of j and 24?
12
Let q(m) = m - 14. Let w be q(12). Let g be 3 - 2/w*66/2. Calculate the greatest common factor of 4 and g.
4
Let c(s) = s**2 - 8*s + s**2 + 2 + 0. Let r be c(8). Suppose 24 = -6*l + 10*l. Calculate the highest common divisor of r and l.
6
Suppose 25*o - 1845 = 24*o. What is the greatest common divisor of 45 and o?
45
Let k be 276/6 + 1 + -3 + 7. Calculate the highest common divisor of k and 663.
51
Let r be -4*(-444)/((-42)/(-7)). Calculate the greatest common divisor of 37 and r.
37
Suppose t - 188 = -2*m, t - 175 = -m + 16. Suppose -t = -2*v + 334. What is the greatest common divisor of 24 and v?
24
Suppose -5*l - 5*y + 200 = 0, 3*l + 147*y - 123 = 145*y. Suppose 5*q - 688 = -d - d, -4*q = -d + 344. Calculate the greatest common divisor of d and l.
43
Let z = 535 - 455. What is the greatest common factor of z and 5?
5
Let h(a) = a**2 - 17*a + 2. Let x(o) = o + 1. Let b(j) = -h(j) - 2*x(j). Let c be b(14). What is the highest common divisor of c and 20?
10
Let w be ((-72)/40)/(6/(-20)). Let z(j) = j + 8. Let o be z(w). Suppose -3*m = 4*i - m - 58, 5*m - 33 = -2*i. Calculate the greatest common divisor of i and o.
14
Let d = 48 + -97. Let n = d + 59. Calculate the highest common factor of n and 15.
5
Suppose -2*c + 20 = 2*c. Suppose -5*p + 1760 = c*p. Suppose 4*y + 64 = m + 3*m, -5*y = 3*m - 48. Calculate the highest common factor of m and p.
16
Let z be ((-88)/154)/(3/(-42)). What is the greatest common factor of z and 104?
8
Suppose 8*t - 5*t + 272 = 2*p, 5*p = 2*t + 680. What is the greatest common factor of 170 and p?
34
Let c(r) = -r**3 - 3*r**2 + 2. Let f be c(-2). Let z be ((-12)/4)/(f/10) + -2. What is the greatest common factor of 26 and z?
13
Suppose 6*i + 17 = 47. Suppose -345 = -0*w - 3*w - 3*x, 0 = -i*w + x + 557. Calculate the highest common factor of 7 and w.
7
Suppose -513 = -4*n + 135. Let x be 2/(-3)*n/(-12). Suppose -4*j = -x*j + 60. Calculate the greatest common divisor of 8 and j.
4
Let t = 486 + -479. What is the highest common divisor of 35 and t?
7
Suppose -3*s + 58 - 262 = 0. Suppose 5*f = 7 + 28. Let h = f - s. What is the highest common divisor of 15 and h?
15
Let z = -662 + 1234. What is the greatest common divisor of 33 and z?
11
Let d be 248/14 + (-2)/(-7). Let v(g) = -148*g + 767. Let w be v(5). What is the highest common factor of d and w?
9
Let k be ((-30)/9 - -3)/(5/(-10290)). What is the greatest common divisor of k and 14?
14
Suppose 5*m - 10 = -5*u, -m + 5*m = 2*u + 32. Suppose -q - 4*d = 7 - 23, -q + d = -m. Calculate the greatest common divisor of q and 72.
8
Let k(a) = -13*a - 173. Let l be k(-23). Calculate the greatest common factor of 84 and l.
42
Let a(h) = 3*h**2 - 7*h - 8. Let r be a(6). Let y = r - 55. What is the highest common divisor of y and 15?
3
Let a = -2550 + 3148. Calculate the highest common divisor of a and 322.
46
Let k(j) = -6*j. Let t be k(-3). Let x be ((-6)/9)/(8/(-12)). Suppose -2*n + 11 = x, -5*z + 715 = -n. What is the highest common divisor of z and t?
18
Let b(g) = -10*g + 5. Let z(w) = 5*w - 3. Let j(r) = -4*b(r) - 9*z(r). Suppose 4 = -t - 0. Let n be j(t). Calculate the greatest common divisor of 189 and n.
27
Let v = -1194 + 1214. Calculate the highest common factor of v and 90.
10
Let c be (168/20)/((-2)/10). Let b be (-4)/10 + c/(-30). What is the greatest common divisor of b and 9?
1
Let o(j) = -10*j**2 + 6*j. Let t be o(7). Let y = t - -775. Let f = y + -143. What is the greatest common factor of 23 and f?
23
Suppose -4*j + q + 54 = -226, 5*q - 280 = -4*j. Let l = -433 + 461. What is the highest common divisor of j and l?
14
Let j(s) = 8*s - 229. Let p be j(30). What is the greatest common factor of p and 165?
11
Suppose -5*v - 3 + 2 = -2*w, -5*w - 6 = -4*v. Let l be (3 - v)/(-4) + 2. Suppose -3*x = -35 - l. What is the greatest common divisor of 132 and x?
12
Suppose 30 = -3*r + 81. Calculate the highest common factor of r and 2159.
17
Let q be (-2)/((-1 - 0)*1). Suppose 2*t - 16 = 44. Suppose -2*z = 10, -4*g + 4*z + t = 6*z. Calculate the highest common divisor of g and q.
2
Let u be (-7)/((-14)/416) - 0. Let s be 2 - (3 - 1180/(-5)). Let f be 3/(-9) + s/(-9). Calculate the greatest common divisor of f and u.
26
Suppose -24*w + 22 = -h - 29*w, h + 4*w + 17 = 0. What is the greatest common factor of 411 and h?
3
Let u be (-3)/(-12) - 12315/(-20). Let t be u/(-35)*(-10)/2. What is the greatest common divisor of 22 and t?
22
Let x be 749/2 - (-1)/2. Suppose g + 170 = -62. Let z = x + g. What is the highest common divisor of z and 13?
13
Let v = 658 + -636. Calculate the highest common factor of 4 and v.
2
Suppose -5*w = 3*z - 88, -2*z + 7*z - 40 = -3*w. What is the highest common factor of 160 and w?
20
Suppose 0*a = -5*a + 3*l + 51, -2*l = a - 5. Let n = 5 - 11. Let k(h) = -7*h - 24. Let v be k(n). What is the highest common divisor of a and v?
9
Let z = 1 - -28. Calculate the highest common divisor of 58 and z.
29
Let r be -3 - -2*4/8. Let v be r + (2 + -1 - -1). Suppose v = -2*q - 4*d + 4, d = -3*q - 3*d + 10. Calculate the greatest common factor of 6 and q.
6
Let y be (-285)/(-12) - (-2)/8. Let d(r) = 6*r**2 - 18*r + 3. Let p be d(3). What is the highest common divisor of y and p?
3
Let f(z) = -z**2 - 9*z - 5. Let s be f(-6). Suppose 0 = -7*y + 10*y - 39. Calculate the greatest common factor of s and y.
13
Let o be (-2)/(-12) + 83/6. Let l(x) = -70*x. Let t be l(-5). Suppose -4*f + t = f. Calculate the greatest common factor of o and f.
14
Suppose 5*g - 3*v - 720 = 0, 3*g - 3*v - 78 = 360. Let d = g + -121. What is the greatest common divisor of 140 and d?
20
Let t be (8/(-20)*-10 - 6) + 232. Calculate the greatest common divisor of 20 and t.
10
Let p = 362 + -300. Let g be -41*(1 + (-2 - -2)). Let w = p + g. Calculate the highest common divisor of w and 7.
7
Suppose 24 = 9*c - c. Suppose 5*m - 48 + c = 0. What is the highest common factor of m and 27?
9
Suppose -2*k - 6 = -0*k + 4*w, 3*w = 4*k - 21. Let a be 12*(-4 + 22/k). What is the greatest common factor of 360 and a?
40
Suppose -41 = b - 13. Let r be 3*b/12*(1 + -2). What is the highest common factor of 21 and r?
7
Suppose 5*i = i + 20. Let m be (-175)/(-2)*(-230)/(-575). Calculate the greatest common factor of i and m.
5
Suppose -4*w = 2*a - 100, -8*w - a = -13*w + 139. What is the highest common factor of w and 45?
9
Let v be (-6)/(19/(399/(-6))). Calculate 